 the highest common divisor of 20587 and 599964.
2941
What is the highest common factor of 3942 and 16976734?
146
What is the greatest common divisor of 715 and 6131385?
65
What is the greatest common factor of 10803010 and 50?
10
Calculate the highest common divisor of 87057 and 9333.
153
Calculate the highest common divisor of 443948181 and 1631.
233
What is the greatest common divisor of 403950 and 215?
5
Calculate the greatest common divisor of 11830032 and 16.
16
What is the greatest common factor of 687669350 and 6835?
6835
What is the greatest common factor of 894 and 25240749?
447
Calculate the highest common divisor of 87880 and 439660.
260
Calculate the highest common divisor of 9730 and 272045935.
4865
Calculate the highest common factor of 79 and 160859721.
79
What is the greatest common divisor of 2439587 and 112493?
1679
Calculate the highest common divisor of 267700 and 1000.
100
Calculate the greatest common divisor of 137089260 and 2970.
2970
What is the greatest common divisor of 856522 and 1962?
218
Calculate the highest common factor of 304129 and 2599.
23
Calculate the greatest common divisor of 1710 and 8207190.
90
Calculate the highest common divisor of 20 and 47140270.
10
Calculate the greatest common factor of 533466 and 29.
1
Calculate the greatest common factor of 206001670 and 350.
70
What is the greatest common divisor of 7624 and 3877757?
953
What is the greatest common divisor of 19704 and 32584?
8
What is the greatest common factor of 504028 and 25297916?
10724
Calculate the greatest common divisor of 732 and 154246796.
244
What is the greatest common divisor of 1143195 and 135?
15
Calculate the highest common factor of 189139249 and 13.
13
What is the highest common factor of 5480135 and 58007?
3053
Calculate the highest common divisor of 32061456 and 3528.
504
Calculate the highest common divisor of 179 and 91914352.
179
Calculate the highest common divisor of 49844179 and 84.
7
Calculate the highest common factor of 9610 and 17966856.
1922
Calculate the highest common factor of 2520495 and 781389.
711
What is the highest common factor of 151 and 561871?
151
What is the greatest common factor of 49568 and 32?
32
What is the highest common divisor of 44656 and 345024?
16
What is the highest common factor of 407918707 and 5866?
2933
What is the highest common divisor of 7005 and 7970289?
1401
Calculate the greatest common factor of 170 and 348158402.
34
Calculate the highest common divisor of 17104032 and 8712.
792
What is the highest common factor of 880475 and 4674?
41
What is the greatest common factor of 54801662 and 608?
38
Calculate the highest common factor of 97140664 and 9370.
1874
What is the highest common divisor of 285846 and 3294?
366
What is the highest common factor of 1066 and 415163827?
533
Calculate the greatest common factor of 4 and 2167378.
2
What is the highest common divisor of 342 and 2214431?
19
What is the greatest common factor of 15512 and 236?
4
What is the greatest common divisor of 8567 and 120809?
13
Calculate the highest common factor of 3588 and 16929081.
897
What is the greatest common factor of 1004660 and 60?
20
What is the greatest common factor of 267018248 and 3136?
392
Calculate the greatest common divisor of 6866 and 392.
2
What is the highest common factor of 2792 and 10419046?
698
What is the greatest common factor of 404 and 31735008?
404
What is the greatest common factor of 241985 and 40?
5
What is the greatest common factor of 868 and 1025604?
124
What is the highest common factor of 9380 and 74288260?
1340
What is the greatest common divisor of 11768064 and 655904?
6368
Calculate the greatest common factor of 11966112 and 576.
288
Calculate the greatest common divisor of 24 and 5202762.
6
Calculate the greatest common factor of 144 and 690923664.
144
Calculate the greatest common divisor of 1600489 and 28303.
913
What is the greatest common factor of 26098380 and 441?
441
What is the highest common divisor of 63912912 and 12243?
1113
Calculate the highest common factor of 185614 and 2183.
59
Calculate the greatest common divisor of 412590 and 1309.
17
Calculate the highest common factor of 98056 and 864376.
824
Calculate the highest common factor of 2470062569 and 793.
793
What is the highest common factor of 187935 and 211385?
335
What is the greatest common factor of 1239 and 32537969?
59
What is the greatest common factor of 12859 and 35672035?
1169
What is the highest common divisor of 981168 and 6816?
48
Calculate the greatest common factor of 171531 and 20532896.
6353
Calculate the greatest common divisor of 62076 and 288857364.
8868
Calculate the greatest common divisor of 2235 and 65318769.
447
Calculate the highest common factor of 5392 and 1411407224.
2696
Calculate the highest common factor of 43423 and 72141.
173
What is the greatest common factor of 5936 and 6494726?
742
What is the highest common divisor of 348 and 11792706?
6
Calculate the highest common factor of 45100558 and 6290.
1258
What is the highest common factor of 10002 and 32161431?
5001
Calculate the greatest common factor of 55738820 and 52.
4
What is the highest common factor of 3273618 and 252750?
2022
Calculate the highest common divisor of 2111725 and 5250.
175
What is the highest common divisor of 7176 and 69537234?
1794
Calculate the highest common divisor of 109626 and 3429663.
453
What is the highest common divisor of 1044 and 920034?
18
Calculate the highest common factor of 29040 and 883520.
880
Calculate the greatest common divisor of 29369283 and 62487.
393
Calculate the greatest common divisor of 21755548 and 19012.
388
Calculate the greatest common divisor of 168510551 and 5648.
353
Calculate the highest common factor of 543006184 and 158.
158
Calculate the greatest common divisor of 77 and 15894857.
11
What is the highest common factor of 189850 and 16?
2
What is the highest common factor of 18321380 and 238?
14
Calculate the greatest common divisor of 31005204 and 12.
12
What is the greatest common factor of 537140 and 26108?
428
What is the greatest common divisor of 7446 and 159834?
102
What is the greatest common factor of 18387571 and 664?
83
Calculate the highest common factor of 30829395 and 17475.
3495
Calculate the greatest common divisor of 14205396 and 7668.
852
What is the greatest common divisor of 155132 and 1676?
4
What is the greatest common factor of 21 and 300654?
3
What is the highest common divisor of 2381774 and 716?
358
Calculate the greatest common divisor of 15399 and 1926.
9
Calculate the highest common divisor of 1183334 and 17242.
74
What is the greatest common divisor of 44375 and 26284200?
1775
Calculate the highest common divisor of 3009198 and 465789.
3351
Calculate the greatest common divisor of 5781157 and 3636377.
9749
Calculate the greatest common factor of 348986 and 3525962.
12034
Calculate the highest common divisor of 43608 and 20518944.
552
Calculate the highest common divisor of 15122786 and 112.
14
Calculate the highest common factor of 1369 and 26121889.
1369
Calculate the highest common divisor of 5023235 and 28280.
3535
Calculate the greatest common factor of 215974477 and 1649.
1649
What is the highest common divisor of 30 and 71215185?
15
Calculate the greatest common divisor of 33 and 13870659.
33
What is the greatest common divisor of 28 and 318636?
4
What is the greatest common factor of 29410 and 207910?
170
What is the greatest common divisor of 203155105 and 10?
5
What is the highest common factor of 2628468 and 1764?
36
What is the highest common divisor of 575 and 18911750?
575
What is the greatest common divisor of 95494389 and 10302?
5151
What is the greatest common factor of 274593510 and 1710?
1710
Calculate the highest common factor of 144570 and 23226.
474
Calculate the greatest common divisor of 1163 and 20144323.
1163
Calculate the highest common factor of 155516 and 15398371.
2287
Calculate the greatest common divisor of 83128 and 207061457.
10391
Calculate the greatest common factor of 53401259 and 235.
47
What is the greatest common divisor of 451855039 and 94?
47
Calculate the highest common divisor of 2636 and 7468.
4
What is the highest common factor of 24 and 350820872?
8
Calculate the greatest co